{"id":261,"date":"2026-04-17T12:34:52","date_gmt":"2026-04-17T10:34:52","guid":{"rendered":"https:\/\/franruizarquitectos.com\/?post_type=proyectos&#038;p=261"},"modified":"2026-04-17T13:15:54","modified_gmt":"2026-04-17T11:15:54","slug":"villa-cerro-de-toril-2","status":"publish","type":"proyectos","link":"https:\/\/franruizarquitectos.com\/en\/proyectos\/villa-cerro-de-toril-2\/","title":{"rendered":"VILLA MICRIMARVA"},"content":{"rendered":"\t\t<div data-elementor-type=\"wp-post\" data-elementor-id=\"261\" class=\"elementor elementor-261\" data-elementor-post-type=\"proyectos\">\n\t\t\t\t<div class=\"elementor-element elementor-element-a2eff78 e-con-full e-flex e-con e-parent\" data-id=\"a2eff78\" data-element_type=\"container\" data-e-type=\"container\">\n\t\t\t\t<div class=\"elementor-element elementor-element-b48ac56 elementor-widget elementor-widget-image\" data-id=\"b48ac56\" data-element_type=\"widget\" data-e-type=\"widget\" data-widget_type=\"image.default\">\n\t\t\t\t\t\t\t\t\t\t\t\t\t\t\t<img decoding=\"async\" src=\"https:\/\/franruizarquitectos.com\/wp-content\/uploads\/2025\/11\/20260118_24064_VILLA-MICRIMARVA_01-copia.jpg\" class=\"attachment-full size-full wp-image-1034\" alt=\"\">\t\t\t\t\t\t\t\t\t\t\t\t\t\t\t<\/div>\n\t\t\t\t<div class=\"elementor-element elementor-element-e23876f elementor-widget elementor-widget-heading\" data-id=\"e23876f\" data-element_type=\"widget\" data-e-type=\"widget\" data-widget_type=\"heading.default\">\n\t\t\t\t\t<h2 class=\"elementor-heading-title elementor-size-default\"> Fran Ruiz Arquitectos<\/h2>\t\t\t\t<\/div>\n\t\t\t\t<div class=\"elementor-element elementor-element-175ff68 elementor-widget elementor-widget-heading\" data-id=\"175ff68\" data-element_type=\"widget\" data-e-type=\"widget\" data-widget_type=\"heading.default\">\n\t\t\t\t\t<h2 class=\"elementor-heading-title elementor-size-default\">VILLA MICRIMARVA<\/h2>\t\t\t\t<\/div>\n\t\t<div class=\"elementor-element elementor-element-af383ee e-flex e-con-boxed e-con e-child\" data-id=\"af383ee\" data-element_type=\"container\" data-e-type=\"container\">\n\t\t\t\t\t<div class=\"e-con-inner\">\n\t\t<div class=\"elementor-element elementor-element-570f989 e-con-full e-flex e-con e-child\" data-id=\"570f989\" data-element_type=\"container\" data-e-type=\"container\" data-settings=\"{&quot;background_background&quot;:&quot;classic&quot;}\">\n\t\t\t\t<div class=\"elementor-element elementor-element-4c6c8ca tit_ elementor-widget elementor-widget-heading\" data-id=\"4c6c8ca\" data-element_type=\"widget\" data-e-type=\"widget\" data-widget_type=\"heading.default\">\n\t\t\t\t\t<div class=\"elementor-heading-title elementor-size-default\">A\u00d1O<\/div>\t\t\t\t<\/div>\n\t\t\t\t<div class=\"elementor-element elementor-element-d330bf5 elementor-widget elementor-widget-heading\" data-id=\"d330bf5\" data-element_type=\"widget\" data-e-type=\"widget\" data-widget_type=\"heading.default\">\n\t\t\t\t\t<div class=\"elementor-heading-title elementor-size-default\">2026<\/div>\t\t\t\t<\/div>\n\t\t\t\t<\/div>\n\t\t<div class=\"elementor-element elementor-element-9a82d49 e-con-full e-flex e-con e-child\" data-id=\"9a82d49\" data-element_type=\"container\" data-e-type=\"container\" data-settings=\"{&quot;background_background&quot;:&quot;classic&quot;}\">\n\t\t\t\t<div class=\"elementor-element elementor-element-8a526cd tit_ elementor-widget elementor-widget-heading\" data-id=\"8a526cd\" data-element_type=\"widget\" data-e-type=\"widget\" data-widget_type=\"heading.default\">\n\t\t\t\t\t<div class=\"elementor-heading-title elementor-size-default\"> LOCALIZACI\u00d3N <\/div>\t\t\t\t<\/div>\n\t\t\t\t<div class=\"elementor-element elementor-element-3c526f5 elementor-widget elementor-widget-heading\" data-id=\"3c526f5\" data-element_type=\"widget\" data-e-type=\"widget\" data-widget_type=\"heading.default\">\n\t\t\t\t\t<div class=\"elementor-heading-title elementor-size-default\">ALHAUR\u00cdN DE LA TORRE<\/div>\t\t\t\t<\/div>\n\t\t\t\t<\/div>\n\t\t<div class=\"elementor-element elementor-element-da7924b e-con-full e-flex e-con e-child\" data-id=\"da7924b\" data-element_type=\"container\" data-e-type=\"container\" data-settings=\"{&quot;background_background&quot;:&quot;classic&quot;}\">\n\t\t\t\t<div class=\"elementor-element elementor-element-93573f0 tit_ elementor-widget elementor-widget-heading\" data-id=\"93573f0\" data-element_type=\"widget\" data-e-type=\"widget\" data-widget_type=\"heading.default\">\n\t\t\t\t\t<div class=\"elementor-heading-title elementor-size-default\"> CATEGORIA <\/div>\t\t\t\t<\/div>\n\t\t\t\t<div class=\"elementor-element elementor-element-128932c elementor-widget elementor-widget-heading\" data-id=\"128932c\" data-element_type=\"widget\" data-e-type=\"widget\" data-widget_type=\"heading.default\">\n\t\t\t\t\t<div class=\"elementor-heading-title elementor-size-default\">\n\nUnifamiliar Aislada\n<\/div>\t\t\t\t<\/div>\n\t\t\t\t<\/div>\n\t\t<div class=\"elementor-element elementor-element-876cf2b e-con-full e-flex e-con e-child\" data-id=\"876cf2b\" data-element_type=\"container\" data-e-type=\"container\" data-settings=\"{&quot;background_background&quot;:&quot;classic&quot;}\">\n\t\t\t\t<div class=\"elementor-element elementor-element-d417da0 tit_ elementor-widget elementor-widget-heading\" data-id=\"d417da0\" data-element_type=\"widget\" data-e-type=\"widget\" data-widget_type=\"heading.default\">\n\t\t\t\t\t<div class=\"elementor-heading-title elementor-size-default\"> ARQUITECTO <\/div>\t\t\t\t<\/div>\n\t\t\t\t<div class=\"elementor-element elementor-element-2bfbe49 elementor-widget elementor-widget-heading\" data-id=\"2bfbe49\" data-element_type=\"widget\" data-e-type=\"widget\" data-widget_type=\"heading.default\">\n\t\t\t\t\t<div class=\"elementor-heading-title elementor-size-default\">\n\nFran Ruiz Arquitectos\n<\/div>\t\t\t\t<\/div>\n\t\t\t\t<\/div>\n\t\t\t\t\t<\/div>\n\t\t\t\t<\/div>\n\t\t\t\t<div class=\"elementor-element elementor-element-9e5fbb4 elementor-widget elementor-widget-image\" data-id=\"9e5fbb4\" data-element_type=\"widget\" data-e-type=\"widget\" data-widget_type=\"image.default\">\n\t\t\t\t\t\t\t\t\t\t\t\t\t\t\t<img decoding=\"async\" src=\"https:\/\/franruizarquitectos.com\/wp-content\/uploads\/2025\/11\/20260118_24064_VILLA-MICRIMARVA_02-copia.jpg\" class=\"attachment-full size-full wp-image-1035\" alt=\"\">\t\t\t\t\t\t\t\t\t\t\t\t\t\t\t<\/div>\n\t\t\t\t<div class=\"elementor-element elementor-element-873e398 elementor-widget__width-initial elementor-widget elementor-widget-text-editor\" data-id=\"873e398\" data-element_type=\"widget\" data-e-type=\"widget\" data-widget_type=\"text-editor.default\">\n\t\t\t\t\t\t\t\t\t<p><strong>Villa MICRIMARVA<\/strong>\u00a0nace como una vivienda unifamiliar aislada de car\u00e1cter singular, resultado de la uni\u00f3n de dos parcelas originalmente destinadas a viviendas pareadas. Esta decisi\u00f3n proyectual permite desarrollar toda la vida dom\u00e9stica en una \u00fanica planta, potenciando la comodidad, la fluidez de los espacios y una relaci\u00f3n constante con el entorno exterior.<\/p><p>La vivienda se implanta de forma equilibrada en la parcela, rodeada por\u00a0<strong>zonas exteriores<\/strong>\u00a0cuidadosamente organizadas. El \u00e1rea de aparcamiento y el jard\u00edn perimetral envuelven la casa de manera natural, generando una transici\u00f3n amable entre arquitectura y paisaje, done el coraz\u00f3n del espacio exterior se reserva una zona pavimentada destinada a la piscina, concebida como punto de encuentro y disfrute. Desde este \u00e1mbito se accede a diferentes \u00e1reas exteriores cubiertas, pensadas para comer al aire libre, relajarse o disfrutar del clima en cualquier momento del d\u00eda, siempre protegidos y en conexi\u00f3n directa con la vivienda.<\/p><p><strong>El interior<\/strong>\u00a0se estructura con una clara y funcional separaci\u00f3n entre las \u00e1reas de d\u00eda y de descanso, articuladas de forma elegante mediante un aseo que act\u00faa como elemento de transici\u00f3n. En una de las alas se desarrolla la zona de d\u00eda, compuesta por un amplio y luminoso sal\u00f3n-comedor con chimenea, concebido como el centro de la vida familiar, y una generosa cocina independiente que incorpora despensa, dise\u00f1ada para combinar practicidad, amplitud y confort y con la posibilidad de aunar los espacios de cocina y comedor gracias a la colocaci\u00f3n de paredes divisorias de vidrio plegables. En el ala opuesta se sit\u00faa la zona de noche, pensada como un espacio \u00edntimo y tranquilo. Un distribuidor ba\u00f1ado por la luz natural que entra a trav\u00e9s de un patio exterior integrado en el volumen de la vivienda conduce a dos amplios dormitorios de matrimonio, ambos con ba\u00f1os privados. Este recorrido culmina en un dormitorio principal en suite que destaca por su amplitud y versatilidad: cuenta con una sala de estar propia, vestidor y ba\u00f1o completo, conformando una aut\u00e9ntica vivienda dentro de la vivienda. Adem\u00e1s, dispone de acceso independiente desde el exterior, lo que permite un uso aut\u00f3nomo y ofrece una segunda zona para hacer vida con total privacidad.<\/p><p>Todo el conjunto se desarrolla en un mismo nivel, eliminando barreras arquitect\u00f3nicas y favoreciendo una accesibilidad total, lo que refuerza la sensaci\u00f3n de continuidad espacial y bienestar, convirtiendo Villa MICRIMARVA en un hogar pensado para disfrutar sin l\u00edmites, donde dise\u00f1o, confort y calidad de vida se encuentran en perfecta armon\u00eda.<\/p>\t\t\t\t\t\t\t\t<\/div>\n\t\t\t\t<div class=\"elementor-element elementor-element-ba00f12 elementor-widget elementor-widget-image\" data-id=\"ba00f12\" data-element_type=\"widget\" data-e-type=\"widget\" data-widget_type=\"image.default\">\n\t\t\t\t\t\t\t\t\t\t\t\t\t\t\t<img decoding=\"async\" src=\"https:\/\/franruizarquitectos.com\/wp-content\/uploads\/2026\/03\/20260118_24064_VILLA-MICRIMARVA_06-copia.jpg\" class=\"attachment-full size-full wp-image-1047\" alt=\"\">\t\t\t\t\t\t\t\t\t\t\t\t\t\t\t<\/div>\n\t\t\t\t<div class=\"elementor-element elementor-element-4f8d7a3 elementor-widget elementor-widget-image\" data-id=\"4f8d7a3\" data-element_type=\"widget\" data-e-type=\"widget\" data-widget_type=\"image.default\">\n\t\t\t\t\t\t\t\t\t\t\t\t\t\t\t<img decoding=\"async\" src=\"https:\/\/franruizarquitectos.com\/wp-content\/uploads\/2026\/03\/20251210_24064_VILLA-MICRIMARVA_03-copia.jpg\" class=\"attachment-full size-full wp-image-1048\" alt=\"\">\t\t\t\t\t\t\t\t\t\t\t\t\t\t\t<\/div>\n\t\t\t\t<div class=\"elementor-element elementor-element-9431e8b elementor-widget elementor-widget-image\" data-id=\"9431e8b\" data-element_type=\"widget\" data-e-type=\"widget\" data-widget_type=\"image.default\">\n\t\t\t\t\t\t\t\t\t\t\t\t\t\t\t<img decoding=\"async\" src=\"https:\/\/franruizarquitectos.com\/wp-content\/uploads\/2026\/03\/20251211_24064_VILLA-MICRIMARVA_04-copia.jpg\" class=\"attachment-full size-full wp-image-1049\" alt=\"\">\t\t\t\t\t\t\t\t\t\t\t\t\t\t\t<\/div>\n\t\t\t\t<\/div>\n\t\t\t\t<\/div>\n\t\t","protected":false},"featured_media":1208,"parent":0,"template":"","class_list":["post-261","proyectos","type-proyectos","status-publish","has-post-thumbnail","hentry"],"_links":{"self":[{"href":"https:\/\/franruizarquitectos.com\/en\/wp-json\/wp\/v2\/proyectos\/261","targetHints":{"allow":["GET"]}}],"collection":[{"href":"https:\/\/franruizarquitectos.com\/en\/wp-json\/wp\/v2\/proyectos"}],"about":[{"href":"https:\/\/franruizarquitectos.com\/en\/wp-json\/wp\/v2\/types\/proyectos"}],"version-history":[{"count":9,"href":"https:\/\/franruizarquitectos.com\/en\/wp-json\/wp\/v2\/proyectos\/261\/revisions"}],"predecessor-version":[{"id":1053,"href":"https:\/\/franruizarquitectos.com\/en\/wp-json\/wp\/v2\/proyectos\/261\/revisions\/1053"}],"wp:featuredmedia":[{"embeddable":true,"href":"https:\/\/franruizarquitectos.com\/en\/wp-json\/wp\/v2\/media\/1208"}],"wp:attachment":[{"href":"https:\/\/franruizarquitectos.com\/en\/wp-json\/wp\/v2\/media?parent=261"}],"curies":[{"name":"wp","href":"https:\/\/api.w.org\/{rel}","templated":true}]}}

<div data-elementor-type="wp-post" data-elementor-id="261" class="elementor elementor-261" data-elementor-post-type="proyectos">
				<div class="elementor-element elementor-element-a2eff78 e-con-full e-flex e-con e-parent" data-id="a2eff78" data-element_type="container" data-e-type="container">
				<div class="elementor-element elementor-element-b48ac56 elementor-widget elementor-widget-image" data-id="b48ac56" data-element_type="widget" data-e-type="widget" data-widget_type="image.default">
															<img decoding="async" src="https://franruizarquitectos.com/wp-content/uploads/2025/11/20260118_24064_VILLA-MICRIMARVA_01-copia.jpg" class="attachment-full size-full wp-image-1034" alt="">															</div>
				<div class="elementor-element elementor-element-e23876f elementor-widget elementor-widget-heading" data-id="e23876f" data-element_type="widget" data-e-type="widget" data-widget_type="heading.default">
					<h2 class="elementor-heading-title elementor-size-default"> Fran Ruiz Arquitectos</h2>				</div>
				<div class="elementor-element elementor-element-175ff68 elementor-widget elementor-widget-heading" data-id="175ff68" data-element_type="widget" data-e-type="widget" data-widget_type="heading.default">
					<h2 class="elementor-heading-title elementor-size-default">VILLA MICRIMARVA</h2>				</div>
		<div class="elementor-element elementor-element-af383ee e-flex e-con-boxed e-con e-child" data-id="af383ee" data-element_type="container" data-e-type="container">
					<div class="e-con-inner">
		<div class="elementor-element elementor-element-570f989 e-con-full e-flex e-con e-child" data-id="570f989" data-element_type="container" data-e-type="container" data-settings="{&quot;background_background&quot;:&quot;classic&quot;}">
				<div class="elementor-element elementor-element-4c6c8ca tit_ elementor-widget elementor-widget-heading" data-id="4c6c8ca" data-element_type="widget" data-e-type="widget" data-widget_type="heading.default">
					<div class="elementor-heading-title elementor-size-default">AÑO</div>				</div>
				<div class="elementor-element elementor-element-d330bf5 elementor-widget elementor-widget-heading" data-id="d330bf5" data-element_type="widget" data-e-type="widget" data-widget_type="heading.default">
					<div class="elementor-heading-title elementor-size-default">2026</div>				</div>
				</div>
		<div class="elementor-element elementor-element-9a82d49 e-con-full e-flex e-con e-child" data-id="9a82d49" data-element_type="container" data-e-type="container" data-settings="{&quot;background_background&quot;:&quot;classic&quot;}">
				<div class="elementor-element elementor-element-8a526cd tit_ elementor-widget elementor-widget-heading" data-id="8a526cd" data-element_type="widget" data-e-type="widget" data-widget_type="heading.default">
					<div class="elementor-heading-title elementor-size-default"> LOCALIZACIÓN </div>				</div>
				<div class="elementor-element elementor-element-3c526f5 elementor-widget elementor-widget-heading" data-id="3c526f5" data-element_type="widget" data-e-type="widget" data-widget_type="heading.default">
					<div class="elementor-heading-title elementor-size-default">ALHAURÍN DE LA TORRE</div>				</div>
				</div>
		<div class="elementor-element elementor-element-da7924b e-con-full e-flex e-con e-child" data-id="da7924b" data-element_type="container" data-e-type="container" data-settings="{&quot;background_background&quot;:&quot;classic&quot;}">
				<div class="elementor-element elementor-element-93573f0 tit_ elementor-widget elementor-widget-heading" data-id="93573f0" data-element_type="widget" data-e-type="widget" data-widget_type="heading.default">
					<div class="elementor-heading-title elementor-size-default"> CATEGORIA </div>				</div>
				<div class="elementor-element elementor-element-128932c elementor-widget elementor-widget-heading" data-id="128932c" data-element_type="widget" data-e-type="widget" data-widget_type="heading.default">
					<div class="elementor-heading-title elementor-size-default">

Unifamiliar Aislada
</div>				</div>
				</div>
		<div class="elementor-element elementor-element-876cf2b e-con-full e-flex e-con e-child" data-id="876cf2b" data-element_type="container" data-e-type="container" data-settings="{&quot;background_background&quot;:&quot;classic&quot;}">
				<div class="elementor-element elementor-element-d417da0 tit_ elementor-widget elementor-widget-heading" data-id="d417da0" data-element_type="widget" data-e-type="widget" data-widget_type="heading.default">
					<div class="elementor-heading-title elementor-size-default"> ARQUITECTO </div>				</div>
				<div class="elementor-element elementor-element-2bfbe49 elementor-widget elementor-widget-heading" data-id="2bfbe49" data-element_type="widget" data-e-type="widget" data-widget_type="heading.default">
					<div class="elementor-heading-title elementor-size-default">

Fran Ruiz Arquitectos
</div>				</div>
				</div>
					</div>
				</div>
				<div class="elementor-element elementor-element-9e5fbb4 elementor-widget elementor-widget-image" data-id="9e5fbb4" data-element_type="widget" data-e-type="widget" data-widget_type="image.default">
															<img decoding="async" src="https://franruizarquitectos.com/wp-content/uploads/2025/11/20260118_24064_VILLA-MICRIMARVA_02-copia.jpg" class="attachment-full size-full wp-image-1035" alt="">															</div>
				<div class="elementor-element elementor-element-873e398 elementor-widget__width-initial elementor-widget elementor-widget-text-editor" data-id="873e398" data-element_type="widget" data-e-type="widget" data-widget_type="text-editor.default">
									<p><strong>Villa MICRIMARVA</strong> nace como una vivienda unifamiliar aislada de carácter singular, resultado de la unión de dos parcelas originalmente destinadas a viviendas pareadas. Esta decisión proyectual permite desarrollar toda la vida doméstica en una única planta, potenciando la comodidad, la fluidez de los espacios y una relación constante con el entorno exterior.</p><p>La vivienda se implanta de forma equilibrada en la parcela, rodeada por <strong>zonas exteriores</strong> cuidadosamente organizadas. El área de aparcamiento y el jardín perimetral envuelven la casa de manera natural, generando una transición amable entre arquitectura y paisaje, done el corazón del espacio exterior se reserva una zona pavimentada destinada a la piscina, concebida como punto de encuentro y disfrute. Desde este ámbito se accede a diferentes áreas exteriores cubiertas, pensadas para comer al aire libre, relajarse o disfrutar del clima en cualquier momento del día, siempre protegidos y en conexión directa con la vivienda.</p><p><strong>El interior</strong> se estructura con una clara y funcional separación entre las áreas de día y de descanso, articuladas de forma elegante mediante un aseo que actúa como elemento de transición. En una de las alas se desarrolla la zona de día, compuesta por un amplio y luminoso salón-comedor con chimenea, concebido como el centro de la vida familiar, y una generosa cocina independiente que incorpora despensa, diseñada para combinar practicidad, amplitud y confort y con la posibilidad de aunar los espacios de cocina y comedor gracias a la colocación de paredes divisorias de vidrio plegables. En el ala opuesta se sitúa la zona de noche, pensada como un espacio íntimo y tranquilo. Un distribuidor bañado por la luz natural que entra a través de un patio exterior integrado en el volumen de la vivienda conduce a dos amplios dormitorios de matrimonio, ambos con baños privados. Este recorrido culmina en un dormitorio principal en suite que destaca por su amplitud y versatilidad: cuenta con una sala de estar propia, vestidor y baño completo, conformando una auténtica vivienda dentro de la vivienda. Además, dispone de acceso independiente desde el exterior, lo que permite un uso autónomo y ofrece una segunda zona para hacer vida con total privacidad.</p><p>Todo el conjunto se desarrolla en un mismo nivel, eliminando barreras arquitectónicas y favoreciendo una accesibilidad total, lo que refuerza la sensación de continuidad espacial y bienestar, convirtiendo Villa MICRIMARVA en un hogar pensado para disfrutar sin límites, donde diseño, confort y calidad de vida se encuentran en perfecta armonía.</p>								</div>
				<div class="elementor-element elementor-element-ba00f12 elementor-widget elementor-widget-image" data-id="ba00f12" data-element_type="widget" data-e-type="widget" data-widget_type="image.default">
															<img decoding="async" src="https://franruizarquitectos.com/wp-content/uploads/2026/03/20260118_24064_VILLA-MICRIMARVA_06-copia.jpg" class="attachment-full size-full wp-image-1047" alt="">															</div>
				<div class="elementor-element elementor-element-4f8d7a3 elementor-widget elementor-widget-image" data-id="4f8d7a3" data-element_type="widget" data-e-type="widget" data-widget_type="image.default">
															<img decoding="async" src="https://franruizarquitectos.com/wp-content/uploads/2026/03/20251210_24064_VILLA-MICRIMARVA_03-copia.jpg" class="attachment-full size-full wp-image-1048" alt="">															</div>
				<div class="elementor-element elementor-element-9431e8b elementor-widget elementor-widget-image" data-id="9431e8b" data-element_type="widget" data-e-type="widget" data-widget_type="image.default">
															<img decoding="async" src="https://franruizarquitectos.com/wp-content/uploads/2026/03/20251211_24064_VILLA-MICRIMARVA_04-copia.jpg" class="attachment-full size-full wp-image-1049" alt="">															</div>
				</div>
				</div>
