{"id":1162,"date":"2026-03-17T08:22:45","date_gmt":"2026-03-17T07:22:45","guid":{"rendered":"https:\/\/franruizarquitectos.com\/?post_type=proyectos&#038;p=1162"},"modified":"2026-03-17T14:22:09","modified_gmt":"2026-03-17T13:22:09","slug":"elementor-1162","status":"publish","type":"proyectos","link":"https:\/\/franruizarquitectos.com\/en\/proyectos\/elementor-1162\/","title":{"rendered":"Villa Suiza"},"content":{"rendered":"\t\t<div data-elementor-type=\"wp-post\" data-elementor-id=\"1162\" class=\"elementor elementor-1162\" data-elementor-post-type=\"proyectos\">\n\t\t\t\t<div class=\"elementor-element elementor-element-5f7d1fa0 e-con-full e-flex e-con e-parent\" data-id=\"5f7d1fa0\" data-element_type=\"container\" data-e-type=\"container\">\n\t\t\t\t<div class=\"elementor-element elementor-element-37d83817 elementor-widget elementor-widget-image\" data-id=\"37d83817\" data-element_type=\"widget\" data-e-type=\"widget\" data-widget_type=\"image.default\">\n\t\t\t\t\t\t\t\t\t\t\t\t\t\t\t<img decoding=\"async\" src=\"https:\/\/franruizarquitectos.com\/wp-content\/uploads\/2026\/03\/250409_23067_VILLA-SUIZA_01-copia.jpg\" class=\"attachment-full size-full wp-image-1161\" alt=\"\">\t\t\t\t\t\t\t\t\t\t\t\t\t\t\t<\/div>\n\t\t\t\t<div class=\"elementor-element elementor-element-5dbd357 elementor-widget elementor-widget-heading\" data-id=\"5dbd357\" data-element_type=\"widget\" data-e-type=\"widget\" data-widget_type=\"heading.default\">\n\t\t\t\t\t<h2 class=\"elementor-heading-title elementor-size-default\"> Fran Ruiz Arquitectos<\/h2>\t\t\t\t<\/div>\n\t\t\t\t<div class=\"elementor-element elementor-element-49a9f55 elementor-widget elementor-widget-heading\" data-id=\"49a9f55\" data-element_type=\"widget\" data-e-type=\"widget\" data-widget_type=\"heading.default\">\n\t\t\t\t\t<h2 class=\"elementor-heading-title elementor-size-default\">VILLA SUIZA<\/h2>\t\t\t\t<\/div>\n\t\t<div class=\"elementor-element elementor-element-109de173 e-flex e-con-boxed e-con e-child\" data-id=\"109de173\" data-element_type=\"container\" data-e-type=\"container\">\n\t\t\t\t\t<div class=\"e-con-inner\">\n\t\t<div class=\"elementor-element elementor-element-43aad107 e-con-full e-flex e-con e-child\" data-id=\"43aad107\" data-element_type=\"container\" data-e-type=\"container\" data-settings=\"{&quot;background_background&quot;:&quot;classic&quot;}\">\n\t\t\t\t<div class=\"elementor-element elementor-element-3c262f8b tit_ elementor-widget elementor-widget-heading\" data-id=\"3c262f8b\" data-element_type=\"widget\" data-e-type=\"widget\" data-widget_type=\"heading.default\">\n\t\t\t\t\t<div class=\"elementor-heading-title elementor-size-default\">A\u00d1O<\/div>\t\t\t\t<\/div>\n\t\t\t\t<div class=\"elementor-element elementor-element-3ca62e89 elementor-widget elementor-widget-heading\" data-id=\"3ca62e89\" data-element_type=\"widget\" data-e-type=\"widget\" data-widget_type=\"heading.default\">\n\t\t\t\t\t<div class=\"elementor-heading-title elementor-size-default\">2026<\/div>\t\t\t\t<\/div>\n\t\t\t\t<\/div>\n\t\t<div class=\"elementor-element elementor-element-1674a95f e-con-full e-flex e-con e-child\" data-id=\"1674a95f\" data-element_type=\"container\" data-e-type=\"container\" data-settings=\"{&quot;background_background&quot;:&quot;classic&quot;}\">\n\t\t\t\t<div class=\"elementor-element elementor-element-3f3794b1 tit_ elementor-widget elementor-widget-heading\" data-id=\"3f3794b1\" data-element_type=\"widget\" data-e-type=\"widget\" data-widget_type=\"heading.default\">\n\t\t\t\t\t<div class=\"elementor-heading-title elementor-size-default\"> LOCALIZACI\u00d3N <\/div>\t\t\t\t<\/div>\n\t\t\t\t<div class=\"elementor-element elementor-element-28e51c94 elementor-widget elementor-widget-heading\" data-id=\"28e51c94\" data-element_type=\"widget\" data-e-type=\"widget\" data-widget_type=\"heading.default\">\n\t\t\t\t\t<div class=\"elementor-heading-title elementor-size-default\">ALHAUR\u00cdN DE LA TORRE<\/div>\t\t\t\t<\/div>\n\t\t\t\t<\/div>\n\t\t<div class=\"elementor-element elementor-element-1d57a2c2 e-con-full e-flex e-con e-child\" data-id=\"1d57a2c2\" data-element_type=\"container\" data-e-type=\"container\" data-settings=\"{&quot;background_background&quot;:&quot;classic&quot;}\">\n\t\t\t\t<div class=\"elementor-element elementor-element-26d74b24 tit_ elementor-widget elementor-widget-heading\" data-id=\"26d74b24\" data-element_type=\"widget\" data-e-type=\"widget\" data-widget_type=\"heading.default\">\n\t\t\t\t\t<div class=\"elementor-heading-title elementor-size-default\"> CATEGORIA <\/div>\t\t\t\t<\/div>\n\t\t\t\t<div class=\"elementor-element elementor-element-1d38a9ee elementor-widget elementor-widget-heading\" data-id=\"1d38a9ee\" data-element_type=\"widget\" data-e-type=\"widget\" data-widget_type=\"heading.default\">\n\t\t\t\t\t<div class=\"elementor-heading-title elementor-size-default\">\n\nUnifamiliar Aislada\n<\/div>\t\t\t\t<\/div>\n\t\t\t\t<\/div>\n\t\t<div class=\"elementor-element elementor-element-525b6d65 e-con-full e-flex e-con e-child\" data-id=\"525b6d65\" data-element_type=\"container\" data-e-type=\"container\" data-settings=\"{&quot;background_background&quot;:&quot;classic&quot;}\">\n\t\t\t\t<div class=\"elementor-element elementor-element-63e3c7c9 tit_ elementor-widget elementor-widget-heading\" data-id=\"63e3c7c9\" data-element_type=\"widget\" data-e-type=\"widget\" data-widget_type=\"heading.default\">\n\t\t\t\t\t<div class=\"elementor-heading-title elementor-size-default\"> ARQUITECTO <\/div>\t\t\t\t<\/div>\n\t\t\t\t<div class=\"elementor-element elementor-element-382c1f0d elementor-widget elementor-widget-heading\" data-id=\"382c1f0d\" data-element_type=\"widget\" data-e-type=\"widget\" data-widget_type=\"heading.default\">\n\t\t\t\t\t<div class=\"elementor-heading-title elementor-size-default\">\n\nFran Ruiz Arquitectos\n<\/div>\t\t\t\t<\/div>\n\t\t\t\t<\/div>\n\t\t\t\t\t<\/div>\n\t\t\t\t<\/div>\n\t\t\t\t<div class=\"elementor-element elementor-element-40d5471 elementor-widget elementor-widget-image\" data-id=\"40d5471\" data-element_type=\"widget\" data-e-type=\"widget\" data-widget_type=\"image.default\">\n\t\t\t\t\t\t\t\t\t\t\t\t\t\t\t<img decoding=\"async\" src=\"https:\/\/franruizarquitectos.com\/wp-content\/uploads\/2026\/03\/250409_23067_VILLA-SUIZA_03-copia.jpg\" class=\"attachment-full size-full wp-image-1158\" alt=\"\">\t\t\t\t\t\t\t\t\t\t\t\t\t\t\t<\/div>\n\t\t\t\t<div class=\"elementor-element elementor-element-5b99b0a4 elementor-widget__width-initial elementor-widget elementor-widget-text-editor\" data-id=\"5b99b0a4\" data-element_type=\"widget\" data-e-type=\"widget\" data-widget_type=\"text-editor.default\">\n\t\t\t\t\t\t\t\t\t<p>En el\u00a0<strong>dise\u00f1o<\/strong>\u00a0de esta vivienda de volumetr\u00eda singular, la arquitectura cl\u00e1sica y moderna se entrelazan, creando un espacio \u00fanico que destaca tanto por su est\u00e9tica como por su adaptaci\u00f3n al entorno. Situada en una parcela de forma trapezoidal, el inmueble abraza la forma del terreno con su dise\u00f1o en \u00abL\u00bb abierta, integr\u00e1ndose perfectamente con el paisaje.Desde el\u00a0<strong>exterior<\/strong>, el conjunto invita al disfrute con m\u00faltiples zonas al aire libre: jardines exuberantes junto a la piscina, p\u00e9rgolas y \u00e1reas cubiertas ideales para reuniones o momentos de relajaci\u00f3n. La entrada principal, marcada por una imponente puerta pivotante integrada en una estructura ornamental que se extiende hasta la cubierta, act\u00faa como presentaci\u00f3n a los espacios amplios y luminosos del interior.<\/p><p>Al cruzar el umbral tenemos la primera toma de contacto con el\u00a0<strong>interior<\/strong>, un sal\u00f3n-comedor de grandes dimensiones, conectado directamente con la cocina y su funcional despensa, da la bienvenida. Este n\u00facleo social de la vivienda est\u00e1 dise\u00f1ado para maximizar la comodidad y el disfrute de la vida cotidiana. En el ala opuesta, un dormitorio con vestidor y ba\u00f1o en suite ofrece privacidad y conexi\u00f3n directa con las \u00e1reas exteriores. En la planta superior, destinada al descanso, los dormitorios, ba\u00f1os y un despacho se distribuyen alrededor de una plataforma que genera dobles alturas, ba\u00f1ando de luz natural los espacios inferiores y reforzando la sensaci\u00f3n de amplitud. Las terrazas terminan de complementar todas las zonas que se pudieran necesitar. El s\u00f3tano, al que se accede por una rampa que conecta con el garaje cubierto, alberga espacios adicionales dise\u00f1ados para almacenamiento y usos m\u00faltiples, a\u00f1adiendo un nivel extra de funcionalidad y almacenaje.<\/p><p>Este proyecto no solo es un testimonio de creatividad arquitect\u00f3nica, sino tambi\u00e9n un ejemplo de c\u00f3mo el dise\u00f1o puede conjugar est\u00e9tica, confort y adaptabilidad al entorno, siempre al servicio de las necesidades y gusto personal del cliente.<\/p>\t\t\t\t\t\t\t\t<\/div>\n\t\t\t\t<div class=\"elementor-element elementor-element-4c460b05 elementor-widget elementor-widget-image\" data-id=\"4c460b05\" data-element_type=\"widget\" data-e-type=\"widget\" data-widget_type=\"image.default\">\n\t\t\t\t\t\t\t\t\t\t\t\t\t\t\t<img fetchpriority=\"high\" decoding=\"async\" width=\"2500\" height=\"1875\" src=\"https:\/\/franruizarquitectos.com\/wp-content\/uploads\/2026\/03\/250409_23067_VILLA-SUIZA_02-copia.jpg\" class=\"attachment-full size-full wp-image-1164\" alt=\"\">\t\t\t\t\t\t\t\t\t\t\t\t\t\t\t<\/div>\n\t\t\t\t<div class=\"elementor-element elementor-element-24310c63 elementor-widget elementor-widget-image\" data-id=\"24310c63\" data-element_type=\"widget\" data-e-type=\"widget\" data-widget_type=\"image.default\">\n\t\t\t\t\t\t\t\t\t\t\t\t\t\t\t<img decoding=\"async\" src=\"https:\/\/franruizarquitectos.com\/wp-content\/uploads\/2026\/03\/250409_23067_VILLA-SUIZA_05-copia.jpg\" class=\"attachment-full size-full wp-image-1160\" alt=\"\">\t\t\t\t\t\t\t\t\t\t\t\t\t\t\t<\/div>\n\t\t\t\t<div class=\"elementor-element elementor-element-2c80a42a elementor-widget elementor-widget-image\" data-id=\"2c80a42a\" data-element_type=\"widget\" data-e-type=\"widget\" data-widget_type=\"image.default\">\n\t\t\t\t\t\t\t\t\t\t\t\t\t\t\t<img decoding=\"async\" src=\"https:\/\/franruizarquitectos.com\/wp-content\/uploads\/2026\/03\/250409_23067_VILLA-SUIZA_04-copia.jpg\" class=\"attachment-full size-full wp-image-1159\" alt=\"\">\t\t\t\t\t\t\t\t\t\t\t\t\t\t\t<\/div>\n\t\t\t\t<\/div>\n\t\t\t\t<\/div>\n\t\t","protected":false},"featured_media":1206,"parent":0,"template":"","class_list":["post-1162","proyectos","type-proyectos","status-publish","has-post-thumbnail","hentry"],"_links":{"self":[{"href":"https:\/\/franruizarquitectos.com\/en\/wp-json\/wp\/v2\/proyectos\/1162","targetHints":{"allow":["GET"]}}],"collection":[{"href":"https:\/\/franruizarquitectos.com\/en\/wp-json\/wp\/v2\/proyectos"}],"about":[{"href":"https:\/\/franruizarquitectos.com\/en\/wp-json\/wp\/v2\/types\/proyectos"}],"version-history":[{"count":10,"href":"https:\/\/franruizarquitectos.com\/en\/wp-json\/wp\/v2\/proyectos\/1162\/revisions"}],"predecessor-version":[{"id":1267,"href":"https:\/\/franruizarquitectos.com\/en\/wp-json\/wp\/v2\/proyectos\/1162\/revisions\/1267"}],"wp:featuredmedia":[{"embeddable":true,"href":"https:\/\/franruizarquitectos.com\/en\/wp-json\/wp\/v2\/media\/1206"}],"wp:attachment":[{"href":"https:\/\/franruizarquitectos.com\/en\/wp-json\/wp\/v2\/media?parent=1162"}],"curies":[{"name":"wp","href":"https:\/\/api.w.org\/{rel}","templated":true}]}}

<div data-elementor-type="wp-post" data-elementor-id="1162" class="elementor elementor-1162" data-elementor-post-type="proyectos">
				<div class="elementor-element elementor-element-5f7d1fa0 e-con-full e-flex e-con e-parent" data-id="5f7d1fa0" data-element_type="container" data-e-type="container">
				<div class="elementor-element elementor-element-37d83817 elementor-widget elementor-widget-image" data-id="37d83817" data-element_type="widget" data-e-type="widget" data-widget_type="image.default">
															<img decoding="async" src="https://franruizarquitectos.com/wp-content/uploads/2026/03/250409_23067_VILLA-SUIZA_01-copia.jpg" class="attachment-full size-full wp-image-1161" alt="">															</div>
				<div class="elementor-element elementor-element-5dbd357 elementor-widget elementor-widget-heading" data-id="5dbd357" data-element_type="widget" data-e-type="widget" data-widget_type="heading.default">
					<h2 class="elementor-heading-title elementor-size-default"> Fran Ruiz Arquitectos</h2>				</div>
				<div class="elementor-element elementor-element-49a9f55 elementor-widget elementor-widget-heading" data-id="49a9f55" data-element_type="widget" data-e-type="widget" data-widget_type="heading.default">
					<h2 class="elementor-heading-title elementor-size-default">VILLA SUIZA</h2>				</div>
		<div class="elementor-element elementor-element-109de173 e-flex e-con-boxed e-con e-child" data-id="109de173" data-element_type="container" data-e-type="container">
					<div class="e-con-inner">
		<div class="elementor-element elementor-element-43aad107 e-con-full e-flex e-con e-child" data-id="43aad107" data-element_type="container" data-e-type="container" data-settings="{&quot;background_background&quot;:&quot;classic&quot;}">
				<div class="elementor-element elementor-element-3c262f8b tit_ elementor-widget elementor-widget-heading" data-id="3c262f8b" data-element_type="widget" data-e-type="widget" data-widget_type="heading.default">
					<div class="elementor-heading-title elementor-size-default">AÑO</div>				</div>
				<div class="elementor-element elementor-element-3ca62e89 elementor-widget elementor-widget-heading" data-id="3ca62e89" data-element_type="widget" data-e-type="widget" data-widget_type="heading.default">
					<div class="elementor-heading-title elementor-size-default">2026</div>				</div>
				</div>
		<div class="elementor-element elementor-element-1674a95f e-con-full e-flex e-con e-child" data-id="1674a95f" data-element_type="container" data-e-type="container" data-settings="{&quot;background_background&quot;:&quot;classic&quot;}">
				<div class="elementor-element elementor-element-3f3794b1 tit_ elementor-widget elementor-widget-heading" data-id="3f3794b1" data-element_type="widget" data-e-type="widget" data-widget_type="heading.default">
					<div class="elementor-heading-title elementor-size-default"> LOCALIZACIÓN </div>				</div>
				<div class="elementor-element elementor-element-28e51c94 elementor-widget elementor-widget-heading" data-id="28e51c94" data-element_type="widget" data-e-type="widget" data-widget_type="heading.default">
					<div class="elementor-heading-title elementor-size-default">ALHAURÍN DE LA TORRE</div>				</div>
				</div>
		<div class="elementor-element elementor-element-1d57a2c2 e-con-full e-flex e-con e-child" data-id="1d57a2c2" data-element_type="container" data-e-type="container" data-settings="{&quot;background_background&quot;:&quot;classic&quot;}">
				<div class="elementor-element elementor-element-26d74b24 tit_ elementor-widget elementor-widget-heading" data-id="26d74b24" data-element_type="widget" data-e-type="widget" data-widget_type="heading.default">
					<div class="elementor-heading-title elementor-size-default"> CATEGORIA </div>				</div>
				<div class="elementor-element elementor-element-1d38a9ee elementor-widget elementor-widget-heading" data-id="1d38a9ee" data-element_type="widget" data-e-type="widget" data-widget_type="heading.default">
					<div class="elementor-heading-title elementor-size-default">

Unifamiliar Aislada
</div>				</div>
				</div>
		<div class="elementor-element elementor-element-525b6d65 e-con-full e-flex e-con e-child" data-id="525b6d65" data-element_type="container" data-e-type="container" data-settings="{&quot;background_background&quot;:&quot;classic&quot;}">
				<div class="elementor-element elementor-element-63e3c7c9 tit_ elementor-widget elementor-widget-heading" data-id="63e3c7c9" data-element_type="widget" data-e-type="widget" data-widget_type="heading.default">
					<div class="elementor-heading-title elementor-size-default"> ARQUITECTO </div>				</div>
				<div class="elementor-element elementor-element-382c1f0d elementor-widget elementor-widget-heading" data-id="382c1f0d" data-element_type="widget" data-e-type="widget" data-widget_type="heading.default">
					<div class="elementor-heading-title elementor-size-default">

Fran Ruiz Arquitectos
</div>				</div>
				</div>
					</div>
				</div>
				<div class="elementor-element elementor-element-40d5471 elementor-widget elementor-widget-image" data-id="40d5471" data-element_type="widget" data-e-type="widget" data-widget_type="image.default">
															<img decoding="async" src="https://franruizarquitectos.com/wp-content/uploads/2026/03/250409_23067_VILLA-SUIZA_03-copia.jpg" class="attachment-full size-full wp-image-1158" alt="">															</div>
				<div class="elementor-element elementor-element-5b99b0a4 elementor-widget__width-initial elementor-widget elementor-widget-text-editor" data-id="5b99b0a4" data-element_type="widget" data-e-type="widget" data-widget_type="text-editor.default">
									<p>En el <strong>diseño</strong> de esta vivienda de volumetría singular, la arquitectura clásica y moderna se entrelazan, creando un espacio único que destaca tanto por su estética como por su adaptación al entorno. Situada en una parcela de forma trapezoidal, el inmueble abraza la forma del terreno con su diseño en «L» abierta, integrándose perfectamente con el paisaje.Desde el <strong>exterior</strong>, el conjunto invita al disfrute con múltiples zonas al aire libre: jardines exuberantes junto a la piscina, pérgolas y áreas cubiertas ideales para reuniones o momentos de relajación. La entrada principal, marcada por una imponente puerta pivotante integrada en una estructura ornamental que se extiende hasta la cubierta, actúa como presentación a los espacios amplios y luminosos del interior.</p><p>Al cruzar el umbral tenemos la primera toma de contacto con el <strong>interior</strong>, un salón-comedor de grandes dimensiones, conectado directamente con la cocina y su funcional despensa, da la bienvenida. Este núcleo social de la vivienda está diseñado para maximizar la comodidad y el disfrute de la vida cotidiana. En el ala opuesta, un dormitorio con vestidor y baño en suite ofrece privacidad y conexión directa con las áreas exteriores. En la planta superior, destinada al descanso, los dormitorios, baños y un despacho se distribuyen alrededor de una plataforma que genera dobles alturas, bañando de luz natural los espacios inferiores y reforzando la sensación de amplitud. Las terrazas terminan de complementar todas las zonas que se pudieran necesitar. El sótano, al que se accede por una rampa que conecta con el garaje cubierto, alberga espacios adicionales diseñados para almacenamiento y usos múltiples, añadiendo un nivel extra de funcionalidad y almacenaje.</p><p>Este proyecto no solo es un testimonio de creatividad arquitectónica, sino también un ejemplo de cómo el diseño puede conjugar estética, confort y adaptabilidad al entorno, siempre al servicio de las necesidades y gusto personal del cliente.</p>								</div>
				<div class="elementor-element elementor-element-4c460b05 elementor-widget elementor-widget-image" data-id="4c460b05" data-element_type="widget" data-e-type="widget" data-widget_type="image.default">
															<img fetchpriority="high" decoding="async" width="2500" height="1875" src="https://franruizarquitectos.com/wp-content/uploads/2026/03/250409_23067_VILLA-SUIZA_02-copia.jpg" class="attachment-full size-full wp-image-1164" alt="">															</div>
				<div class="elementor-element elementor-element-24310c63 elementor-widget elementor-widget-image" data-id="24310c63" data-element_type="widget" data-e-type="widget" data-widget_type="image.default">
															<img decoding="async" src="https://franruizarquitectos.com/wp-content/uploads/2026/03/250409_23067_VILLA-SUIZA_05-copia.jpg" class="attachment-full size-full wp-image-1160" alt="">															</div>
				<div class="elementor-element elementor-element-2c80a42a elementor-widget elementor-widget-image" data-id="2c80a42a" data-element_type="widget" data-e-type="widget" data-widget_type="image.default">
															<img decoding="async" src="https://franruizarquitectos.com/wp-content/uploads/2026/03/250409_23067_VILLA-SUIZA_04-copia.jpg" class="attachment-full size-full wp-image-1159" alt="">															</div>
				</div>
				</div>
