{"id":1117,"date":"2026-03-13T14:19:56","date_gmt":"2026-03-13T13:19:56","guid":{"rendered":"https:\/\/franruizarquitectos.com\/?post_type=proyectos&#038;p=1117"},"modified":"2026-03-17T09:47:50","modified_gmt":"2026-03-17T08:47:50","slug":"elementor-1117","status":"publish","type":"proyectos","link":"https:\/\/franruizarquitectos.com\/en\/proyectos\/elementor-1117\/","title":{"rendered":"Villa ALONDRA"},"content":{"rendered":"\t\t<div data-elementor-type=\"wp-post\" data-elementor-id=\"1117\" class=\"elementor elementor-1117\" data-elementor-post-type=\"proyectos\">\n\t\t\t\t<div class=\"elementor-element elementor-element-625658a6 e-con-full e-flex e-con e-parent\" data-id=\"625658a6\" data-element_type=\"container\" data-e-type=\"container\">\n\t\t\t\t<div class=\"elementor-element elementor-element-319db6c4 elementor-widget elementor-widget-image\" data-id=\"319db6c4\" data-element_type=\"widget\" data-e-type=\"widget\" data-widget_type=\"image.default\">\n\t\t\t\t\t\t\t\t\t\t\t\t\t\t\t<img fetchpriority=\"high\" decoding=\"async\" width=\"2560\" height=\"1440\" src=\"https:\/\/franruizarquitectos.com\/wp-content\/uploads\/2026\/03\/20250923_24086_VILLA-GANDARA_01.jpg\" class=\"attachment-full size-full wp-image-1119\" alt=\"\">\t\t\t\t\t\t\t\t\t\t\t\t\t\t\t<\/div>\n\t\t\t\t<div class=\"elementor-element elementor-element-447be6af elementor-widget elementor-widget-heading\" data-id=\"447be6af\" data-element_type=\"widget\" data-e-type=\"widget\" data-widget_type=\"heading.default\">\n\t\t\t\t\t<h2 class=\"elementor-heading-title elementor-size-default\"> Fran Ruiz Arquitectos<\/h2>\t\t\t\t<\/div>\n\t\t\t\t<div class=\"elementor-element elementor-element-42fbc1a8 elementor-widget elementor-widget-heading\" data-id=\"42fbc1a8\" data-element_type=\"widget\" data-e-type=\"widget\" data-widget_type=\"heading.default\">\n\t\t\t\t\t<h2 class=\"elementor-heading-title elementor-size-default\">VILLA alondra<\/h2>\t\t\t\t<\/div>\n\t\t<div class=\"elementor-element elementor-element-53e5c0cb e-flex e-con-boxed e-con e-child\" data-id=\"53e5c0cb\" data-element_type=\"container\" data-e-type=\"container\">\n\t\t\t\t\t<div class=\"e-con-inner\">\n\t\t<div class=\"elementor-element elementor-element-64bae58 e-con-full e-flex e-con e-child\" data-id=\"64bae58\" data-element_type=\"container\" data-e-type=\"container\" data-settings=\"{&quot;background_background&quot;:&quot;classic&quot;}\">\n\t\t\t\t<div class=\"elementor-element elementor-element-32e4dd1a tit_ elementor-widget elementor-widget-heading\" data-id=\"32e4dd1a\" data-element_type=\"widget\" data-e-type=\"widget\" data-widget_type=\"heading.default\">\n\t\t\t\t\t<div class=\"elementor-heading-title elementor-size-default\">A\u00d1O<\/div>\t\t\t\t<\/div>\n\t\t\t\t<div class=\"elementor-element elementor-element-7c55a4fd elementor-widget elementor-widget-heading\" data-id=\"7c55a4fd\" data-element_type=\"widget\" data-e-type=\"widget\" data-widget_type=\"heading.default\">\n\t\t\t\t\t<div class=\"elementor-heading-title elementor-size-default\">2026<\/div>\t\t\t\t<\/div>\n\t\t\t\t<\/div>\n\t\t<div class=\"elementor-element elementor-element-3d6059a6 e-con-full e-flex e-con e-child\" data-id=\"3d6059a6\" data-element_type=\"container\" data-e-type=\"container\" data-settings=\"{&quot;background_background&quot;:&quot;classic&quot;}\">\n\t\t\t\t<div class=\"elementor-element elementor-element-28eb9b04 tit_ elementor-widget elementor-widget-heading\" data-id=\"28eb9b04\" data-element_type=\"widget\" data-e-type=\"widget\" data-widget_type=\"heading.default\">\n\t\t\t\t\t<div class=\"elementor-heading-title elementor-size-default\"> LOCALIZACI\u00d3N <\/div>\t\t\t\t<\/div>\n\t\t\t\t<div class=\"elementor-element elementor-element-32607ed8 elementor-widget elementor-widget-heading\" data-id=\"32607ed8\" data-element_type=\"widget\" data-e-type=\"widget\" data-widget_type=\"heading.default\">\n\t\t\t\t\t<div class=\"elementor-heading-title elementor-size-default\">ALHAUR\u00cdN DE LA TORRE<\/div>\t\t\t\t<\/div>\n\t\t\t\t<\/div>\n\t\t<div class=\"elementor-element elementor-element-1584ff19 e-con-full e-flex e-con e-child\" data-id=\"1584ff19\" data-element_type=\"container\" data-e-type=\"container\" data-settings=\"{&quot;background_background&quot;:&quot;classic&quot;}\">\n\t\t\t\t<div class=\"elementor-element elementor-element-23f97fc tit_ elementor-widget elementor-widget-heading\" data-id=\"23f97fc\" data-element_type=\"widget\" data-e-type=\"widget\" data-widget_type=\"heading.default\">\n\t\t\t\t\t<div class=\"elementor-heading-title elementor-size-default\"> CATEGORIA <\/div>\t\t\t\t<\/div>\n\t\t\t\t<div class=\"elementor-element elementor-element-177205f elementor-widget elementor-widget-heading\" data-id=\"177205f\" data-element_type=\"widget\" data-e-type=\"widget\" data-widget_type=\"heading.default\">\n\t\t\t\t\t<div class=\"elementor-heading-title elementor-size-default\">\n\nUnifamiliar Aislada\n<\/div>\t\t\t\t<\/div>\n\t\t\t\t<\/div>\n\t\t<div class=\"elementor-element elementor-element-763ed175 e-con-full e-flex e-con e-child\" data-id=\"763ed175\" data-element_type=\"container\" data-e-type=\"container\" data-settings=\"{&quot;background_background&quot;:&quot;classic&quot;}\">\n\t\t\t\t<div class=\"elementor-element elementor-element-54fe50c8 tit_ elementor-widget elementor-widget-heading\" data-id=\"54fe50c8\" data-element_type=\"widget\" data-e-type=\"widget\" data-widget_type=\"heading.default\">\n\t\t\t\t\t<div class=\"elementor-heading-title elementor-size-default\"> ARQUITECTO <\/div>\t\t\t\t<\/div>\n\t\t\t\t<div class=\"elementor-element elementor-element-355a207b elementor-widget elementor-widget-heading\" data-id=\"355a207b\" data-element_type=\"widget\" data-e-type=\"widget\" data-widget_type=\"heading.default\">\n\t\t\t\t\t<div class=\"elementor-heading-title elementor-size-default\">\n\nFran Ruiz Arquitectos\n<\/div>\t\t\t\t<\/div>\n\t\t\t\t<\/div>\n\t\t\t\t\t<\/div>\n\t\t\t\t<\/div>\n\t\t\t\t<div class=\"elementor-element elementor-element-423a5eb5 elementor-widget elementor-widget-image\" data-id=\"423a5eb5\" data-element_type=\"widget\" data-e-type=\"widget\" data-widget_type=\"image.default\">\n\t\t\t\t\t\t\t\t\t\t\t\t\t\t\t<img decoding=\"async\" width=\"2560\" height=\"1440\" src=\"https:\/\/franruizarquitectos.com\/wp-content\/uploads\/2026\/03\/20250923_24086_VILLA-GANDARA_04.jpg\" class=\"attachment-full size-full wp-image-1122\" alt=\"\">\t\t\t\t\t\t\t\t\t\t\t\t\t\t\t<\/div>\n\t\t\t\t<div class=\"elementor-element elementor-element-7e89b15f elementor-widget__width-initial elementor-widget elementor-widget-text-editor\" data-id=\"7e89b15f\" data-element_type=\"widget\" data-e-type=\"widget\" data-widget_type=\"text-editor.default\">\n\t\t\t\t\t\t\t\t\t<p><strong>VILLA ALONDRA<\/strong>, situada en El Lagar, Alhaur\u00edn de la Torre, se concibe, perfectamente integrada en la topograf\u00eda ascendente propia de esta urbanizaci\u00f3n y orientada para aprovechar las vistas panor\u00e1micas con el mar al fondo. Dada esta peculiaridad, el acceso se produce desde la cota inferior de la parcela, permitiendo una experiencia ascendente, donde se suceden jardines a distintos niveles, tratados con piedras blancas que definen islas verdes con vegetaci\u00f3n ex\u00f3tica, en su mayor\u00eda plantas carnosas para combinarse con olivos en un gui\u00f1o al paisaje aut\u00f3ctono tradicional. El acceso rodado consiste en una rampa continua que llega al aparcamiento\u00a0<strong>exterior<\/strong>\u00a0cubierto parcialmente por el propio volumen de la vivienda, lo que protege los veh\u00edculos sin interferir en la lectura visual del conjunto.<\/p><p>El juego entre cubiertas inclinadas de teja cer\u00e1mica roja y cubiertas planas genera una volumetr\u00eda din\u00e1mica, que se adapta a las pendientes y permite integrar porches y terrazas en distintos niveles. Las fachadas, en revoco blanco y caracterizadas por los arcos frontales, contrastan con la carpinter\u00eda en madera oscura y las viguetas vistas de madera que aportan calidez y car\u00e1cter artesanal.\u00a0<strong>El dise\u00f1o<\/strong>\u00a0prioriza la luminosidad natural y la relaci\u00f3n interior-exterior, mediante amplios ventanales y aperturas orientadas hacia el sur y el mar, reforzando la sensaci\u00f3n de amplitud y conexi\u00f3n con el paisaje en todos los niveles.En el nivel principal se despliega una zona pavimentada de estancia exterior, donde se ubican la piscina y el porche cubierto, actuando como extensi\u00f3n del sal\u00f3n y favoreciendo la vida al aire libre propia del clima mediterr\u00e1neo.<\/p><p>La organizaci\u00f3n\u00a0<strong>interior<\/strong>\u00a0de la vivienda se desarrolla en tres niveles: el\u00a0<em><u>s\u00f3tano<\/u><\/em>, ocupado por los espacios de servicio \u2014lavander\u00eda, ba\u00f1o, trastero y dos almacenes\u2014, junto con un patio exterior con ventilaci\u00f3n cenital que introduce luz natural, mejorando la habitabilidad del nivel inferior. En la\u00a0<em><u>planta baja<\/u><\/em>, concebida como el coraz\u00f3n social de la vivienda, presenta un gran espacio abierto de sal\u00f3n, cocina y comedor, articulado bajo dobles alturas que aportan amplitud y una relaci\u00f3n visual vertical con la planta superior. En este nivel se sit\u00faan adem\u00e1s un aseo de cortes\u00eda y un dormitorio principal en suite, que cuenta con vestidor y ba\u00f1o privado, garantizando la accesibilidad y el confort cotidiano.Ya en la\u00a0<em><u>planta primera<\/u><\/em>, destinada al \u00e1mbito m\u00e1s privado, encontramos dos dormitorios con ba\u00f1os individuales, ambos con acceso directo a una amplia terraza com\u00fan desde la que se disfrutan las vistas elevadas del entorno.<\/p><p>Villa Alondra es una vivienda que equilibra tradici\u00f3n mediterr\u00e1nea de forma contempor\u00e1nea, donde los materiales, las proporciones y la integraci\u00f3n con el terreno definen una arquitectura sencilla y luminosa. Su\u00a0<strong>dise\u00f1o<\/strong>\u00a0busca no solo la belleza formal, sino tambi\u00e9n la funcionalidad y el confort clim\u00e1tico, aprovechando la orientaci\u00f3n, la ventilaci\u00f3n natural y la continuidad visual con el paisaje.<\/p>\t\t\t\t\t\t\t\t<\/div>\n\t\t\t\t<div class=\"elementor-element elementor-element-5be2b645 elementor-widget elementor-widget-image\" data-id=\"5be2b645\" data-element_type=\"widget\" data-e-type=\"widget\" data-widget_type=\"image.default\">\n\t\t\t\t\t\t\t\t\t\t\t\t\t\t\t<img decoding=\"async\" width=\"2560\" height=\"1440\" src=\"https:\/\/franruizarquitectos.com\/wp-content\/uploads\/2026\/03\/20250923_24086_VILLA-GANDARA_02.jpg\" class=\"attachment-full size-full wp-image-1120\" alt=\"\">\t\t\t\t\t\t\t\t\t\t\t\t\t\t\t<\/div>\n\t\t\t\t<div class=\"elementor-element elementor-element-371b5bb1 elementor-widget elementor-widget-image\" data-id=\"371b5bb1\" data-element_type=\"widget\" data-e-type=\"widget\" data-widget_type=\"image.default\">\n\t\t\t\t\t\t\t\t\t\t\t\t\t\t\t<img loading=\"lazy\" decoding=\"async\" width=\"2560\" height=\"1440\" src=\"https:\/\/franruizarquitectos.com\/wp-content\/uploads\/2026\/03\/20250923_24086_VILLA-GANDARA_03.jpg\" class=\"attachment-full size-full wp-image-1121\" alt=\"\">\t\t\t\t\t\t\t\t\t\t\t\t\t\t\t<\/div>\n\t\t\t\t<\/div>\n\t\t\t\t<\/div>\n\t\t","protected":false},"featured_media":1210,"parent":0,"template":"","class_list":["post-1117","proyectos","type-proyectos","status-publish","has-post-thumbnail","hentry"],"_links":{"self":[{"href":"https:\/\/franruizarquitectos.com\/en\/wp-json\/wp\/v2\/proyectos\/1117","targetHints":{"allow":["GET"]}}],"collection":[{"href":"https:\/\/franruizarquitectos.com\/en\/wp-json\/wp\/v2\/proyectos"}],"about":[{"href":"https:\/\/franruizarquitectos.com\/en\/wp-json\/wp\/v2\/types\/proyectos"}],"version-history":[{"count":8,"href":"https:\/\/franruizarquitectos.com\/en\/wp-json\/wp\/v2\/proyectos\/1117\/revisions"}],"predecessor-version":[{"id":1215,"href":"https:\/\/franruizarquitectos.com\/en\/wp-json\/wp\/v2\/proyectos\/1117\/revisions\/1215"}],"wp:featuredmedia":[{"embeddable":true,"href":"https:\/\/franruizarquitectos.com\/en\/wp-json\/wp\/v2\/media\/1210"}],"wp:attachment":[{"href":"https:\/\/franruizarquitectos.com\/en\/wp-json\/wp\/v2\/media?parent=1117"}],"curies":[{"name":"wp","href":"https:\/\/api.w.org\/{rel}","templated":true}]}}

<div data-elementor-type="wp-post" data-elementor-id="1117" class="elementor elementor-1117" data-elementor-post-type="proyectos">
				<div class="elementor-element elementor-element-625658a6 e-con-full e-flex e-con e-parent" data-id="625658a6" data-element_type="container" data-e-type="container">
				<div class="elementor-element elementor-element-319db6c4 elementor-widget elementor-widget-image" data-id="319db6c4" data-element_type="widget" data-e-type="widget" data-widget_type="image.default">
															<img fetchpriority="high" decoding="async" width="2560" height="1440" src="https://franruizarquitectos.com/wp-content/uploads/2026/03/20250923_24086_VILLA-GANDARA_01.jpg" class="attachment-full size-full wp-image-1119" alt="">															</div>
				<div class="elementor-element elementor-element-447be6af elementor-widget elementor-widget-heading" data-id="447be6af" data-element_type="widget" data-e-type="widget" data-widget_type="heading.default">
					<h2 class="elementor-heading-title elementor-size-default"> Fran Ruiz Arquitectos</h2>				</div>
				<div class="elementor-element elementor-element-42fbc1a8 elementor-widget elementor-widget-heading" data-id="42fbc1a8" data-element_type="widget" data-e-type="widget" data-widget_type="heading.default">
					<h2 class="elementor-heading-title elementor-size-default">VILLA alondra</h2>				</div>
		<div class="elementor-element elementor-element-53e5c0cb e-flex e-con-boxed e-con e-child" data-id="53e5c0cb" data-element_type="container" data-e-type="container">
					<div class="e-con-inner">
		<div class="elementor-element elementor-element-64bae58 e-con-full e-flex e-con e-child" data-id="64bae58" data-element_type="container" data-e-type="container" data-settings="{&quot;background_background&quot;:&quot;classic&quot;}">
				<div class="elementor-element elementor-element-32e4dd1a tit_ elementor-widget elementor-widget-heading" data-id="32e4dd1a" data-element_type="widget" data-e-type="widget" data-widget_type="heading.default">
					<div class="elementor-heading-title elementor-size-default">AÑO</div>				</div>
				<div class="elementor-element elementor-element-7c55a4fd elementor-widget elementor-widget-heading" data-id="7c55a4fd" data-element_type="widget" data-e-type="widget" data-widget_type="heading.default">
					<div class="elementor-heading-title elementor-size-default">2026</div>				</div>
				</div>
		<div class="elementor-element elementor-element-3d6059a6 e-con-full e-flex e-con e-child" data-id="3d6059a6" data-element_type="container" data-e-type="container" data-settings="{&quot;background_background&quot;:&quot;classic&quot;}">
				<div class="elementor-element elementor-element-28eb9b04 tit_ elementor-widget elementor-widget-heading" data-id="28eb9b04" data-element_type="widget" data-e-type="widget" data-widget_type="heading.default">
					<div class="elementor-heading-title elementor-size-default"> LOCALIZACIÓN </div>				</div>
				<div class="elementor-element elementor-element-32607ed8 elementor-widget elementor-widget-heading" data-id="32607ed8" data-element_type="widget" data-e-type="widget" data-widget_type="heading.default">
					<div class="elementor-heading-title elementor-size-default">ALHAURÍN DE LA TORRE</div>				</div>
				</div>
		<div class="elementor-element elementor-element-1584ff19 e-con-full e-flex e-con e-child" data-id="1584ff19" data-element_type="container" data-e-type="container" data-settings="{&quot;background_background&quot;:&quot;classic&quot;}">
				<div class="elementor-element elementor-element-23f97fc tit_ elementor-widget elementor-widget-heading" data-id="23f97fc" data-element_type="widget" data-e-type="widget" data-widget_type="heading.default">
					<div class="elementor-heading-title elementor-size-default"> CATEGORIA </div>				</div>
				<div class="elementor-element elementor-element-177205f elementor-widget elementor-widget-heading" data-id="177205f" data-element_type="widget" data-e-type="widget" data-widget_type="heading.default">
					<div class="elementor-heading-title elementor-size-default">

Unifamiliar Aislada
</div>				</div>
				</div>
		<div class="elementor-element elementor-element-763ed175 e-con-full e-flex e-con e-child" data-id="763ed175" data-element_type="container" data-e-type="container" data-settings="{&quot;background_background&quot;:&quot;classic&quot;}">
				<div class="elementor-element elementor-element-54fe50c8 tit_ elementor-widget elementor-widget-heading" data-id="54fe50c8" data-element_type="widget" data-e-type="widget" data-widget_type="heading.default">
					<div class="elementor-heading-title elementor-size-default"> ARQUITECTO </div>				</div>
				<div class="elementor-element elementor-element-355a207b elementor-widget elementor-widget-heading" data-id="355a207b" data-element_type="widget" data-e-type="widget" data-widget_type="heading.default">
					<div class="elementor-heading-title elementor-size-default">

Fran Ruiz Arquitectos
</div>				</div>
				</div>
					</div>
				</div>
				<div class="elementor-element elementor-element-423a5eb5 elementor-widget elementor-widget-image" data-id="423a5eb5" data-element_type="widget" data-e-type="widget" data-widget_type="image.default">
															<img decoding="async" width="2560" height="1440" src="https://franruizarquitectos.com/wp-content/uploads/2026/03/20250923_24086_VILLA-GANDARA_04.jpg" class="attachment-full size-full wp-image-1122" alt="">															</div>
				<div class="elementor-element elementor-element-7e89b15f elementor-widget__width-initial elementor-widget elementor-widget-text-editor" data-id="7e89b15f" data-element_type="widget" data-e-type="widget" data-widget_type="text-editor.default">
									<p><strong>VILLA ALONDRA</strong>, situada en El Lagar, Alhaurín de la Torre, se concibe, perfectamente integrada en la topografía ascendente propia de esta urbanización y orientada para aprovechar las vistas panorámicas con el mar al fondo. Dada esta peculiaridad, el acceso se produce desde la cota inferior de la parcela, permitiendo una experiencia ascendente, donde se suceden jardines a distintos niveles, tratados con piedras blancas que definen islas verdes con vegetación exótica, en su mayoría plantas carnosas para combinarse con olivos en un guiño al paisaje autóctono tradicional. El acceso rodado consiste en una rampa continua que llega al aparcamiento <strong>exterior</strong> cubierto parcialmente por el propio volumen de la vivienda, lo que protege los vehículos sin interferir en la lectura visual del conjunto.</p><p>El juego entre cubiertas inclinadas de teja cerámica roja y cubiertas planas genera una volumetría dinámica, que se adapta a las pendientes y permite integrar porches y terrazas en distintos niveles. Las fachadas, en revoco blanco y caracterizadas por los arcos frontales, contrastan con la carpintería en madera oscura y las viguetas vistas de madera que aportan calidez y carácter artesanal. <strong>El diseño</strong> prioriza la luminosidad natural y la relación interior-exterior, mediante amplios ventanales y aperturas orientadas hacia el sur y el mar, reforzando la sensación de amplitud y conexión con el paisaje en todos los niveles.En el nivel principal se despliega una zona pavimentada de estancia exterior, donde se ubican la piscina y el porche cubierto, actuando como extensión del salón y favoreciendo la vida al aire libre propia del clima mediterráneo.</p><p>La organización <strong>interior</strong> de la vivienda se desarrolla en tres niveles: el <em><u>sótano</u></em>, ocupado por los espacios de servicio —lavandería, baño, trastero y dos almacenes—, junto con un patio exterior con ventilación cenital que introduce luz natural, mejorando la habitabilidad del nivel inferior. En la <em><u>planta baja</u></em>, concebida como el corazón social de la vivienda, presenta un gran espacio abierto de salón, cocina y comedor, articulado bajo dobles alturas que aportan amplitud y una relación visual vertical con la planta superior. En este nivel se sitúan además un aseo de cortesía y un dormitorio principal en suite, que cuenta con vestidor y baño privado, garantizando la accesibilidad y el confort cotidiano.Ya en la <em><u>planta primera</u></em>, destinada al ámbito más privado, encontramos dos dormitorios con baños individuales, ambos con acceso directo a una amplia terraza común desde la que se disfrutan las vistas elevadas del entorno.</p><p>Villa Alondra es una vivienda que equilibra tradición mediterránea de forma contemporánea, donde los materiales, las proporciones y la integración con el terreno definen una arquitectura sencilla y luminosa. Su <strong>diseño</strong> busca no solo la belleza formal, sino también la funcionalidad y el confort climático, aprovechando la orientación, la ventilación natural y la continuidad visual con el paisaje.</p>								</div>
				<div class="elementor-element elementor-element-5be2b645 elementor-widget elementor-widget-image" data-id="5be2b645" data-element_type="widget" data-e-type="widget" data-widget_type="image.default">
															<img decoding="async" width="2560" height="1440" src="https://franruizarquitectos.com/wp-content/uploads/2026/03/20250923_24086_VILLA-GANDARA_02.jpg" class="attachment-full size-full wp-image-1120" alt="">															</div>
				<div class="elementor-element elementor-element-371b5bb1 elementor-widget elementor-widget-image" data-id="371b5bb1" data-element_type="widget" data-e-type="widget" data-widget_type="image.default">
															<img loading="lazy" decoding="async" width="2560" height="1440" src="https://franruizarquitectos.com/wp-content/uploads/2026/03/20250923_24086_VILLA-GANDARA_03.jpg" class="attachment-full size-full wp-image-1121" alt="">															</div>
				</div>
				</div>
